es 29 divide 32356148?
False
Is 105767416 a multiple of 1009?
True
Is 555351278 a multiple of 1961?
True
Is 160755624 a multiple of 72?
True
Does 13 divide 2028448361?
False
Does 18 divide 134021661?
False
Does 15 divide 62843329?
False
Does 282 divide 103044774?
True
Is 12577951 a multiple of 7?
False
Is 7 a factor of 2278161898?
False
Is 3743487 a multiple of 33?
True
Does 19 divide 62809065?
False
Is 90112200 a multiple of 1010?
True
Does 2054 divide 65787566?
True
Is 1794 a factor of 26931175?
False
Is 5279 a factor of 539928895?
False
Is 3628066 a multiple of 23?
True
Is 5440786420 a multiple of 2074?
True
Is 18 a factor of 894076?
False
Is 34706850 a multiple of 6?
True
Does 180 divide 9064440?
True
Is 2058 a factor of 39532122?
True
Does 24 divide 655599120?
True
Is 1955 a factor of 118203210?
True
Does 10 divide 700389730?
True
Does 107 divide 440477270?
True
Is 13 a factor of 7860528?
True
Is 43548209 a multiple of 3?
False
Does 946 divide 30472944?
False
Is 795 a factor of 545508330?
True
Does 66 divide 27496296?
False
Is 878334471 a multiple of 314?
False
Is 50173334 a multiple of 8?
False
Is 4288856 a multiple of 598?
True
Does 470 divide 20248342?
False
Is 219548973 a multiple of 186?
False
Does 292 divide 93102656?
False
Does 481 divide 8242303?
False
Is 3656 a factor of 1690955332?
False
Does 5324 divide 49151115?
False
Is 55985306 a multiple of 26?
True
Does 2610 divide 28378530?
True
Is 138 a factor of 633166356?
True
Is 221392620 a multiple of 41?
True
Is 48 a factor of 250196016?
True
Is 46 a factor of 535947242?
True
Does 13 divide 16321736?
False
Is 1960 a factor of 15864240?
True
Is 2701 a factor of 29756710?
False
Does 47 divide 29251766?
True
Does 8 divide 42725764?
False
Does 91 divide 12183809?
False
Does 1807 divide 880946833?
True
Does 2193 divide 298816095?
False
Is 261232710 a multiple of 646?
True
Does 46 divide 130244538?
True
Is 31147215 a multiple of 913?
False
Is 208785465 a multiple of 135?
True
Is 2259980918 a multiple of 13?
True
Is 181687740 a multiple of 65?
True
Is 5960 a factor of 2757686040?
True
Is 10 a factor of 59323260?
True
Is 110 a factor of 712987073?
False
Does 76 divide 7624720?
False
Is 379650974 a multiple of 24?
False
Is 69319436 a multiple of 263?
True
Is 74754163 a multiple of 7?
False
Is 27179671 a multiple of 48?
False
Is 1191998042 a multiple of 8?
False
Is 207 a factor of 1101211227?
True
Is 651099419 a multiple of 48?
False
Is 796144317 a multiple of 67?
True
Is 115916403 a multiple of 408?
False
Is 27385789 a multiple of 17?
False
Is 642 a factor of 204165630?
True
Does 7 divide 413874643?
True
Is 113853825 a multiple of 1775?
True
Does 259 divide 14384860?
True
Does 46 divide 9087116?
True
Is 256 a factor of 811023841?
False
Does 25 divide 534568400?
True
Is 25 a factor of 9765725?
True
Does 46 divide 137198847?
False
Does 670 divide 22286210?
True
Does 13 divide 47223592?
True
Is 406287233 a multiple of 902?
False
Is 43264177 a multiple of 35?
False
Is 87097905 a multiple of 950?
False
Does 1152 divide 311598720?
True
Does 163 divide 661826139?
False
Is 39 a factor of 18322900?
False
Is 3 a factor of 4295716?
False
Does 3124 divide 93441964?
True
Is 356640853 a multiple of 5931?
False
Does 387 divide 46154165?
False
Is 96687291 a multiple of 54?
False
Is 39 a factor of 8573293?
False
Is 2749259534 a multiple of 1834?
True
Is 6 a factor of 529594421?
False
Is 5946289 a multiple of 3?
False
Is 8 a factor of 158380720?
True
Does 846 divide 58620694?
False
Is 1345 a factor of 305345687?
False
Is 27 a factor of 56704177?
False
Is 345 a factor of 4709250?
True
Does 15 divide 539564235?
True
Is 1936 a factor of 179349104?
True
Does 8 divide 23164076?
False
Does 1348 divide 1190675871?
False
Is 4786860 a multiple of 285?
True
Is 198637084 a multiple of 5247?
False
Does 344 divide 155070040?
True
Is 1937981595 a multiple of 3005?
True
Does 101 divide 237512610?
True
Is 112 a factor of 273015456?
True
Is 168439293 a multiple of 1245?
False
Does 1253 divide 15994545?
True
Is 24 a factor of 1777874?
False
Is 199 a factor of 39879003?
True
Does 7 divide 466161885?
True
Does 19 divide 80503580?
False
Does 121 divide 16037703?
True
Does 49 divide 376724766?
False
Does 20 divide 11079983?
False
Is 52 a factor of 51622962?
False
Does 69 divide 3570819?
True
Does 2189 divide 36821727?
False
Is 114670220 a multiple of 28?
True
Does 1502 divide 31797340?
True
Does 11 divide 10303382?
False
Is 4639752611 a multiple of 50?
False
Is 1115935950 a multiple of 410?
True
Does 48 divide 278419776?
True
Does 40 divide 269273884?
False
Is 1488 a factor of 22128048?
True
Is 220 a factor of 97923425?
False
Does 79 divide 214183498?
False
Is 924529275 a multiple of 255?
True
Does 113 divide 10972300?
True
Is 114892105 a multiple of 63?
False
Does 955 divide 38257300?
True
Is 4009 a factor of 945755172?
True
Is 134525559 a multiple of 28?
False
Is 253078012 a multiple of 116?
True
Is 12918424 a multiple of 588?
False
Is 310 a factor of 901790?
True
Is 203 a factor of 63823046?
False
Is 11 a factor of 786621420?
False
Is 731 a factor of 51482868?
True
Is 7015690 a multiple of 51?
False
Is 5 a factor of 4711662?
False
Is 11530890 a multiple of 945?
True
Is 587945960 a multiple of 20?
True
Does 9 divide 2930816880?
True
Does 239 divide 585550?
True
Is 11346978 even?
True
Is 118 a factor of 1399899844?
True
Is 1386 a factor of 45668700?
True
Is 67137425 a multiple of 127?
False
Is 98 a factor of 43433600?
True
Does 865 divide 762619465?
True
Does 26 divide 450133641?
False
Is 90876610 a multiple of 10?
True
Does 515 divide 391316983?
False
Is 67126566 a multiple of 73?
True
Is 168753921 a multiple of 1032?
False
Is 301971115 a multiple of 184?
False
Is 55263855 a multiple of 202?
False
Does 58 divide 155691370?
False
Does 29 divide 504829091?
False
Does 46 divide 93972020?
True
Is 8 a factor of 226942080?
True
Is 1985578664 a multiple of 4322?
True
Is 38 a factor of 32609814?
True
Is 764 a factor of 6189928?
True
Is 41795793 a multiple of 940?
False
Is 804 a factor of 160865928?
True
Is 58201060 a multiple of 624?
False
Is 312 a factor of 203067918?
False
Does 34 divide 327320482?
True
Is 39381900 a multiple of 300?
True
Is 162210687 a multiple of 2?
False
Does 3 divide 9964832?
False
Does 56 divide 59258920?
True
Is 203292089 a multiple of 4768?
False
Is 1125274968 a multiple of 24?
True
Is 544 a factor of 943671031?
False
Is 17706190 a multiple of 5?
True
Is 36337661 a multiple of 31?
False
Is 30 a factor of 270333511?
False
Does 1208 divide 469321?
False
Does 66 divide 32148158?
False
Does 3470 divide 288901790?
True
Is 117 a factor of 25617618?
True
Is 498 a factor of 2211672975?
False
Does 777 divide 924327747?
True
Is 154744908 a multiple of 2246?
True
Is 192868500 a multiple of 60?
True
Is 81399638 a multiple of 3?
False
Is 842046398 a multiple of 59?
False
Is 16144574 a multiple of 46?
True
Is 43 a factor of 152011512?
False
Is 23768370 a multiple of 19?
False
Is 158043410 a multiple of 166?
False
Is 17 a factor of 4041054844?
False
Is 257737 a multiple of 7?
False
Is 2971181140 a multiple of 235?
True
Is 378466928 a multiple of 1172?
True
Is 13 a factor of 712266?
False
Does 13 divide 336097658?
True
Is 5545868800 a multiple of 10?
True
Is 1185 a factor of 53994297?
False
Does 5 divide 2076958?
False
Is 83327335 even?
False
Does 41 divide 149405421?
False
Does 7169 divide 518999755?
True
Is 31 a factor of 97116684?
False
Does 19 divide 100070758?
True
Is 27447407 a multiple of 59?
False
Is 54 a factor of 176528916?
True
Does 2412 divide 30405672?
True
Is 43 a factor of 6515575?
True
Is 6704454 a multiple of 437?
True
Is 364 a factor of 1179697792?
True
Is 76211040 a multiple of 80?
True
Does 4 divide 638054188?
True
Does 44 divide 3619439743?
False
Does 418 divide 130717510?
False
Is 7633152 a multiple of 6?
True
Does 230 divide 131612670?
True
Does 31 divide 407550866?
False
Does 2884 divide 1021802820?
False
Does 145 divide 375036612?
False
Does 742 divide 215349176?
True
Is 63 a factor of 1589414?
False
Is 3 a factor of 19124400?
True
Is 5218804 a multiple of 23?
False
Is 1431 a factor of 284783310?
True
Is 6887850 a multiple of 380?
False
Does 13 divide 21887697?
True
Is 34 a factor of 2410410517?
F